undreds digit of 100236?
2
What is the units digit of 24776064?
4
What is the ten thousands digit of 374612?
7
What is the hundreds digit of 2869450?
4
What is the tens digit of 3663736?
3
What is the millions digit of 1172014?
1
What is the tens digit of 2705?
0
What is the ten millions digit of 26639877?
2
What is the units digit of 1901036?
6
What is the thousands digit of 525948?
5
What is the units digit of 183369?
9
What is the hundreds digit of 137517?
5
What is the hundreds digit of 3561159?
1
What is the hundred thousands digit of 2647829?
6
What is the tens digit of 893309?
0
What is the hundreds digit of 1207757?
7
What is the hundred thousands digit of 501628?
5
What is the tens digit of 750790?
9
What is the tens digit of 1258099?
9
What is the thousands digit of 186342?
6
What is the thousands digit of 198201?
8
What is the millions digit of 3204920?
3
What is the ten thousands digit of 5586772?
8
What is the tens digit of 757316?
1
What is the tens digit of 2806014?
1
What is the tens digit of 13010730?
3
What is the thousands digit of 118755?
8
What is the thousands digit of 1692440?
2
What is the millions digit of 1561619?
1
What is the tens digit of 8465920?
2
What is the tens digit of 7035809?
0
What is the millions digit of 6858039?
6
What is the tens digit of 3059028?
2
What is the tens digit of 373499?
9
What is the ten millions digit of 23051521?
2
What is the thousands digit of 1431386?
1
What is the ten thousands digit of 4471304?
7
What is the hundred thousands digit of 1034860?
0
What is the units digit of 565852?
2
What is the hundreds digit of 583397?
3
What is the ten thousands digit of 1140911?
4
What is the millions digit of 12021425?
2
What is the tens digit of 448242?
4
What is the hundred thousands digit of 5865216?
8
What is the tens digit of 808844?
4
What is the hundred thousands digit of 1530037?
5
What is the ten thousands digit of 170676?
7
What is the ten millions digit of 14801019?
1
What is the tens digit of 11266?
6
What is the ten thousands digit of 267872?
6
What is the hundred thousands digit of 9094285?
0
What is the millions digit of 1232647?
1
What is the thousands digit of 120299?
0
What is the thousands digit of 1408188?
8
What is the thousands digit of 1336507?
6
What is the thousands digit of 80169?
0
What is the tens digit of 99396?
9
What is the tens digit of 3362874?
7
What is the hundred thousands digit of 3907644?
9
What is the thousands digit of 17893?
7
What is the hundreds digit of 4261638?
6
What is the hundred thousands digit of 272354?
2
What is the ten thousands digit of 283692?
8
What is the hundreds digit of 26955256?
2
What is the thousands digit of 21903?
1
What is the tens digit of 349674?
7
What is the hundreds digit of 1414283?
2
What is the hundreds digit of 1043593?
5
What is the hundreds digit of 1069784?
7
What is the thousands digit of 17501204?
1
What is the thousands digit of 109975?
9
What is the units digit of 703104?
4
What is the hundreds digit of 483743?
7
What is the ten thousands digit of 18358963?
5
What is the units digit of 1825117?
7
What is the hundred thousands digit of 2561099?
5
What is the millions digit of 7993824?
7
What is the hundreds digit of 40424?
4
What is the hundred thousands digit of 5565389?
5
What is the ten thousands digit of 624413?
2
What is the ten thousands digit of 445224?
4
What is the tens digit of 541185?
8
What is the units digit of 3038375?
5
What is the thousands digit of 4157504?
7
What is the thousands digit of 152532?
2
What is the units digit of 1331685?
5
What is the units digit of 1500454?
4
What is the hundreds digit of 296204?
2
What is the millions digit of 1457693?
1
What is the units digit of 37027?
7
What is the ten thousands digit of 21431306?
3
What is the tens digit of 225113?
1
What is the tens digit of 3139436?
3
What is the ten thousands digit of 10668346?
6
What is the thousands digit of 6012715?
2
What is the millions digit of 19282942?
9
What is the ten millions digit of 14535093?
1
What is the millions digit of 16240182?
6
What is the millions digit of 2775630?
2
What is the ten thousands digit of 691092?
9
What is the thousands digit of 835355?
5
What is the tens digit of 820153?
5
What is the ten thousands digit of 1529247?
2
What is the units digit of 1874956?
6
What is the tens digit of 689197?
9
What is the hundreds digit of 71326?
3
What is the hundred thousands digit of 2324754?
3
What is the thousands digit of 159937?
9
What is the tens digit of 14738539?
3
What is the ten thousands digit of 206129?
0
What is the hundreds digit of 173050?
0
What is the units digit of 4908076?
6
What is the hundreds digit of 336943?
9
What is the tens digit of 5720298?
9
What is the hundred thousands digit of 9793829?
7
What is the hundred thousands digit of 3152450?
1
What is the tens digit of 1244672?
7
What is the units digit of 127860?
0
What is the hundred thousands digit of 4001186?
0
What is the hundreds digit of 324437?
4
What is the thousands digit of 2140131?
0
What is the tens digit of 5619027?
2
What is the tens digit of 680905?
0
What is the ten thousands digit of 5255273?
5
What is the ten thousands digit of 236074?
3
What is the ten thousands digit of 1849002?
4
What is the units digit of 702552?
2
What is the tens digit of 56696?
9
What is the units digit of 4946066?
6
What is the units digit of 164014?
4
What is the hundred thousands digit of 197652?
1
What is the ten thousands digit of 1346645?
4
What is the thousands digit of 6082753?
2
What is the hundreds digit of 7638713?
7
What is the ten thousands digit of 136823?
3
What is the hundred thousands digit of 794320?
7
What is the hundreds digit of 7208764?
7
What is the millions digit of 4173605?
4
What is the tens digit of 613424?
2
What is the ten thousands digit of 2253149?
5
What is the units digit of 5442525?
5
What is the tens digit of 3942150?
5
What is the thousands digit of 113773?
3
What is the tens digit of 10119760?
6
What is the thousands digit of 30722799?
2
What is the thousands digit of 11929519?
9
What is the units digit of 25967082?
2
What is the hundred thousands digit of 2997713?
9
What is the tens digit of 2349535?
3
What is the tens digit of 3050769?
6
What is the hundred thousands digit of 1282359?
2
What is the millions digit of 1822434?
1
What is the tens digit of 12811307?
0
What is the hundreds digit of 12417576?
5
What is the ten thousands digit of 2043953?
4
What is the tens digit of 3403932?
3
What is the hundreds digit of 1168975?
9
What is the units digit of 649341?
1
What is the tens digit of 225604?
0
What is the thousands digit of 5665519?
5
What is the units digit of 284786?
6
What is the ten thousands digit of 513718?
1
What is the units digit of 427725?
5
What is the millions digit of 2479237?
2
What is the thousands digit of 8325426?
5
What is the hundreds digit of 345670?
6
What is the hundreds digit of 16820605?
6
What is the hundreds digit of 769594?
5
What is the hundred thousands digit of 1053138?
0
What is the millions digit of 11917681?
1
What is the hundreds digit of 2645918?
9
What is the millions digit of 12471528?
2
What is the units digit of 9622189?
9
What is the thousands digit of 229098?
9
What is the hundred thousands digit of 682002?
6
What is the tens digit of 21999?
9
What is the millions digit of 4503761?
4
What is the units digit of 899927?
7
What is the tens digit of 17833589?
8
What is the ten thousands digit of 102898?
0
What is the hundred thousands digit of 6830417?
8
What is the ten thousands digit of 128971?
2
What is the units digit of 18113?
3
What is the ten thousands digit of 470398?
7
What is the hundred thousands digit of 309066?
3
What is the units digit of 136085?
5
What is the hundreds digit of 228954?
9
What is the tens digit of 288149?
4
What is the units digit of 2152490?
0
What is the hundreds digit of 1433153?
1
What is the millions digit of 5449334?
5
What is the hundred thousands digit of 508374?
5
What is the millions digit of 4754416?
4
What is the hundreds digit of 1248688?
6
What is the millions digit of 3041474?
3
What is the ten thousands digit of 758830?
5
What is the units digit of 14850758?
8
What is the hundred thousands digit of 298705?
2
What i